*2 - 2*n - 1. Suppose i - 2 = -2*x - 1, -i = 5*x - 4. Let m be z(x). Let r = m + 444. List the prime factors of r.
3, 17
Suppose 0 = 5*b + 4*y - 67248, -154*b + 153*b = -3*y - 13480. List the prime factors of b.
2, 29
Let m(j) be the first derivative of -9*j**2 + 25*j - 44. Let y be m(9). Let h = y - -405. What are the prime factors of h?
2, 67
Suppose -4*y + 6790 = -2*j, -7*y + 10*y - 5095 = 4*j. Let k = y + -1109. List the prime factors of k.
2, 3, 7
Let p be (-7)/(140/16)*10/4. List the prime factors of ((-57)/12)/(p - 933/(-468)).
3, 13, 19
Suppose -4*q = 3*d - 360, 5*q = 3*q. Let x = d + 12. Suppose -x - 9 = -3*j. What are the prime factors of j?
47
Let x = -2400 - -6935. List the prime factors of x.
5, 907
Let t(o) = o**3 - 4*o**2 + 14*o + 28. Suppose 71 - 141 = -7*a. What are the prime factors of t(a)?
2, 3
Suppose 0 = -5*p - 3*n + 19, -2*p - n + 10 = n. Suppose -38 = 2*c + 4*o, 65 = -3*c + p*o - 0*o. What are the prime factors of (-12)/c + 745/7?
107
Suppose 3*p - 4*s + 5*s = -2640, 2*p + 4*s + 1750 = 0. Let c = p + 1658. What are the prime factors of c?
3, 7, 37
Suppose 0*y - 5*w = -5*y - 155, -119 = 5*y + 4*w. Let f(g) = -15 - g**2 - 121*g - 112*g + 202*g. List the prime factors of f(y).
3, 31
Let d = 15748 - 4667. List the prime factors of d.
7, 1583
Let c(o) = 363*o**2 - 285*o - 1437. List the prime factors of c(-5).
3, 19, 53
Let q(s) = -s**3 - 30*s**2 + 27*s - 94. Let w be q(-34). Suppose 0 = -9*h + w + 4047. What are the prime factors of h?
23, 37
Let s = 345 + -343. What are the prime factors of s - (1 - 11529/9)?
2, 641
List the prime factors of ((-10)/(-25)*-6036)/(1 + (-52)/40).
2, 503
Let y = -58 - -60. Let j(p) = -29*p**y - 31*p**2 + 117*p**2 - 4 + 9*p - 41*p**2 - 2*p**3. List the prime factors of j(8).
2, 17
Let s be -40 - -36 - (-1 - 8). Suppose -5*a + 1365 = -5*u, 3*a = s*u - 58 + 879. What are the prime factors of a?
2, 17
Let k = -11 + 15. Suppose 4*t - 2*z = 644, 0*z + 3*z - 644 = -k*t. Let b = -90 + t. What are the prime factors of b?
71
Suppose -2*x - 810 = -g - 4348, 6*g = 0. List the prime factors of x.
29, 61
Let l = 127 + -103. Suppose 0 = -4*o + b + l, -5*o + 4*b + 13 = -28. Suppose 3*d = 3*t - 207, -o*d + 3*d - 64 = -t. What are the prime factors of t?
2, 37
Let n(g) = g**3 - 2*g**2 - g - 26. Let p be n(4). Let k(o) = 187*o - 53. What are the prime factors of k(p)?
3, 107
Suppose 0 = -6*g + 7*g - 3. Let l be 240/25*40/g. Let c = l - 75. List the prime factors of c.
53
Let f(z) = -397*z**3 - 2*z**2 - 15*z - 25. What are the prime factors of f(-3)?
71, 151
Let y(b) = b**2 - 7*b - 4. Let j be y(8). Suppose -9 = -m - j. Suppose -2*x - 134 = m*c - 534, -4*x - 160 = -2*c. What are the prime factors of c?
2, 5
Suppose 128*i - 570247 = -52*i + 127253. What are the prime factors of i?
5, 31
Let z(c) = -138*c - 99 + 99. Let s be z(-1). Let q = 197 - s. What are the prime factors of q?
59
Let f be 2/(-3*3/18). Let o be (-4 + 3)*f/(-4). Let d(t) = -88*t**3 - 2*t**2 + 2. List the prime factors of d(o).
2, 11
Let g(b) = -b**2 + 7*b + 16. Let s be g(-2). What are the prime factors of s/(-4)*(32 - -98)?
5, 13
Suppose 9*g = -2975 + 12092. Suppose 4*n + g = z + 299, -2*n = 4*z - 2784. List the prime factors of z.
2, 349
Suppose 5*y + 33 = 3*m, -3*y - 33 = -4*m - 0*m. Suppose -832 = -m*w + 104. Let i = w + -41. What are the prime factors of i?
5, 23
Suppose 286873 + 958511 = 35*a + 14*a. What are the prime factors of a?
2, 3, 353
Let v be (884/182)/(1/35). Suppose -886 = -c - v. What are the prime factors of c?
2, 179
Suppose 2142*z - 2043*z - 6321645 = 0. List the prime factors of z.
3, 5, 11, 43
Let u be -2*(275/(-10))/11. Suppose y - 5*p = u, 4*y - 8*y - p + 20 = 0. Suppose y*a + 0*a + 319 = 3*h, -2*h - 2*a = -234. What are the prime factors of h?
113
List the prime factors of -6 + -13 - 237927/(-3).
2, 3, 5, 881
Let h(p) = -12*p - 9. Let x be h(-1). Suppose x*y - 1070 = -5*f, y - 863 = -3*f - f. What are the prime factors of f?
7, 31
Suppose 170 = -4*s + n - 111, -59 = s + 2*n. List the prime factors of s*(-35)/84 - (-1)/4.
29
Let o = 14881 + -6848. List the prime factors of o.
29, 277
Let z = -40 - -591. Let r = 247 - z. Let b = r + 493. List the prime factors of b.
3, 7
What are the prime factors of -191 + 188 + (20279 - -1*2)?
2, 10139
Suppose 46*a - 15*a - 445914 = -11*a. What are the prime factors of a?
3, 3539
Let a = -7248 - -17468. What are the prime factors of a?
2, 5, 7, 73
Let s(t) be the first derivative of -t**2/2 + 318*t - 179. List the prime factors of s(23).
5, 59
What are the prime factors of (12 + (-1250)/20)*-284?
2, 71, 101
Let f be 20*(-3)/(-48)*4. Suppose -36 = f*r - 151. Let y = 46 + r. What are the prime factors of y?
3, 23
Let s(y) be the second derivative of 10*y**3 + 9*y**2 - 33*y + 2. What are the prime factors of s(3)?
2, 3, 11
Let c(f) = 4*f - 77. Let k(i) = 9*i - 185. Let u(a) = 5*c(a) - 2*k(a). Let m be (-256)/(-14) - (-4)/(-14). What are the prime factors of u(m)?
3, 7
Let y(f) = -f**3 - 2*f**2 + f - 4. Let h be y(-3). Suppose 5*m - 290 = -q, h*q + 2*m - 615 = -51. List the prime factors of q.
2, 5, 7
Suppose -231*y = -215*y - 13696. List the prime factors of y.
2, 107
Suppose 0 = 5*k + 5*y - 116255, -22*y + 23241 = k - 26*y. What are the prime factors of k?
67, 347
Suppose 2*b + b + 86 = 5*q, -4*q = -4*b - 72. Suppose 0 = -3*o + q*o - 247. Let r(n) = n**3 - 18*n**2 - 9*n - 21. List the prime factors of r(o).
13
What are the prime factors of ((-2)/(-3))/((-1207360)/603708 - -2)?
7187
Let u be 51/(-68) + 38/(-8)*-1. Suppose u*t - 2*h = -7*h + 911, -3*h - 439 = -2*t. What are the prime factors of t?
2, 7
Suppose -302 = 2*q + 2*g, -5*g = -3*q + 4*q + 147. Let r = 858 + q. What are the prime factors of r?
2, 353
Suppose 6*x - x = -x. Suppose x*s - 8*s + 1736 = 0. Suppose -10*p + s = 47. List the prime factors of p.
17
Let c be 28/8*8/14. Let d(s) = s + 5*s**2 - 16*s**2 + 2 + 10*s**c - 193*s**3. List the prime factors of d(-1).
193
Let j = 27205 + 8170. What are the prime factors of j?
5, 283
Let q be (-6)/(-4)*(-10)/(-3). Let y(a) = a**2 + 5*a - 12. Let p be y(-7). Suppose -q*l = -p*k + 240, -5*l = -4*k - l + 468. What are the prime factors of k?
5, 23
Suppose 3*o - 63449 = 184*w - 186*w, 3*w - 21 = 0. List the prime factors of o.
5, 4229
Let i(n) = -3*n**3 + 4*n**2 + 5*n + 17. Let q(o) = o**3 + o**2 - o. Let m(a) = -i(a) - 6*q(a). What are the prime factors of m(-7)?
5, 103
What are the prime factors of (-48093)/(-5) + 210/25 + -9?
2, 3, 7, 229
Suppose 4*z + i - 140688 = 0, 61*z - 63*z - 4*i + 70372 = 0. List the prime factors of z.
2, 5, 3517
What are the prime factors of 12812/1*(-1302)/(-744)?
7, 3203
Suppose 5*y - 423 = u, 189 = -u - 3*y - 210. Let r = 638 + u. Let f = r - 109. List the prime factors of f.
11
Let b(u) = -21*u - 73. Suppose 3*k - 16*k = 247. What are the prime factors of b(k)?
2, 163
Let p(m) = 340*m**2 - 154*m + 1046. List the prime factors of p(7).
2, 4157
Let k(v) = -v**2 + 3*v**2 - 3*v**2 + 0 + 1 + 5*v. Let o be k(4). Suppose 4*s + 5*r - 30 = 15, 3*s - 40 = -o*r. What are the prime factors of s?
5
Let j(y) = -9 + 6*y + 12 - 4 - 6*y**2 - 4*y**3 + 2*y**3. Let r be j(-7). Suppose 2*i = 2*b + 74 + 78, 5*b - r = -4*i. What are the prime factors of i?
3
Let t(p) = 230*p**2 - 320*p - 11. List the prime factors of t(10).
7, 11, 257
Let t(z) = 0*z + 2*z + 4*z + 26 + 18. What are the prime factors of t(7)?
2, 43
Suppose 56 = c + 51, -4*d = c - 162857. What are the prime factors of d?
3, 41, 331
Let y = -933 + 938. Suppose -n - 2*v + 447 + 846 = 0, 0 = -5*n - y*v + 6475. What are the prime factors of n?
1297
Let b be 1/5 - (2 - (-7438)/(-10)). Suppose -5*r - 242 + b = j, -5*r = 4*j - 1970. List the prime factors of j.
2, 5, 7
Let b(q) = -q**3 - 44*q**2 + 91*q - 44. Let s be b(-46). What are the prime factors of (-4)/s + 2 + 69?
3, 23
Suppose -8*q - 41*q = -632100. List the prime factors of q.
2, 3, 5, 43
Suppose 3*j = -4*g + 125 - 35, j + 4*g = 38. Suppose -j*a = 4*a - 19320. What are the prime factors of a?
2, 7, 23
Let j(o) = -o**3 + 4*o**2 + 8*o - 5. Let i be j(6). List the prime factors of 33 + i - (-608)/2.
2, 7, 11
Let v = -30299 + 44365. List the prime factors of v.
2, 13, 541
Suppose -s - 11*p + 14*p = -14, 2*s + 3*p = -8. What are the prime factors of (-37)/74*(-1064)